culate 4 - (7 + (1 - 4)).
0
Evaluate -14 - (-4 + (-7 - -3) - -2).
-8
Evaluate 0 + -6 + 2 - (-4 - -5).
-5
Evaluate -1 + 5 + -2 - -3.
5
Evaluate -3 + 7 + (-2 - -5) + -6.
1
What is the value of 1 + -2 - (-3 + 7 - 2)?
-3
Calculate -1 + -7 - (66 - 72).
-2
Calculate -8 + 5 + (21 - 14).
4
Evaluate -4 + 5 + (-1 - 1) - -6.
5
What is the value of -3 + (7 - 4) + 1 + -4?
-3
What is 72 + -78 - (0 - 9)?
3
Calculate 4 + -5 + 2 + 1 + 0.
2
Evaluate 2 - -1 - (-7 + 12) - -2.
0
Evaluate 0 - (3 - 2 - (-7 - -8)).
0
Calculate 12 - (2 - (-3 + -2)).
5
What is -3 - (0 + -1 - 3 - -1)?
0
3 - (5 + -4 + -2)
4
Evaluate 132 + -112 - (10 + 0).
10
What is the value of -9 + 22 + -13 + 5?
5
Evaluate -9 + (13 - 6) - -8.
6
What is -2 - -1 - (-3 + 7) - 0?
-5
Calculate 8 - 11 - (1 + (1 - 0)).
-5
What is the value of (-5 - (2 + 0)) + (0 - -2)?
-5
What is the value of (-18 - -10) + 0 + 2 + 4?
-2
What is (7 - 1) + -2 - (-6 - -9)?
1
5 - (-3 + 11 + -2)
-1
What is (-1 - 2) + 12 + -11?
-2
What is -6 + (-4 - -4) + 3?
-3
0 + 19 - (35 - 26)
10
What is the value of 4 + -1 - (-9 - 2 - -12)?
2
What is (-2 - 0 - -1) + 0 - 2?
-3
What is the value of 3 - (-4 + 8 + -2)?
1
What is (2 + -1 - 0) + (-32 - -29)?
-2
Calculate -1 - 4 - (-9 - -3).
1
What is the value of -1 + 0 + (-9 - -1) + 16?
7
Calculate 8 - (-13 + 5 + 17).
-1
Evaluate 9 - (5 + 4 + -2).
2
What is the value of (2 - -7) + -3 - 6?
0
-22 + 32 + (-9 - (0 + -3))
4
Calculate -1 - (-30 + 28 + -10 + 1).
10
5 + -9 + (9 - 7)
-2
What is -6 + (18 - (-6 + 10))?
8
What is the value of -11 + 15 + (-6 - (-9 + -3))?
10
-6 + (-3 - -14) - 6
-1
What is the value of -1 - (6 - (6 - (8 - 4)))?
-5
What is the value of -15 - (-7 - (25 - 10))?
7
Evaluate -2 + -1 + (45 - 42).
0
What is the value of -8 + 15 + -7 - (5 - 2)?
-3
What is 17 - (-3 - (-5 + -8))?
7
Calculate 0 - 4 - (74 - 76).
-2
What is the value of 2 - 1 - (10 + -7)?
-2
(-9 - -14) + -3 + 2
4
What is the value of -2 + 1 + 6 - (-78 - -78)?
5
(0 - -2) + -3 - 4
-5
What is 12 - 8 - (-2 - -2)?
4
What is the value of 51 - 52 - (-3 + 1 - -2)?
-1
What is 0 + (10 - 1) + -4 + -2?
3
(2 + -7 - -2) + -3 + 8
2
Calculate 4 + 1 + -2 - 8.
-5
What is 2 - (7 - (-1 + 5 + 2))?
1
Calculate 6 + 4 + (-18 - -6) + 6.
4
Evaluate -4 - (-5 - (-3 - (5 + -4))).
-3
What is 7 + 1 + -8 + 4?
4
What is the value of 13 - ((3 - -2) + 2)?
6
Calculate -5 + (2 - (-4 - 1)) + 4.
6
8 + 0 - (8 - 3)
3
What is the value of -2 + 3 - (4 - (-4 - -3))?
-4
Calculate -2 + (11 - (-1 - -1)).
9
What is 1 + 1 + 5 + -3?
4
Calculate 4 - ((-1 - 3) + 10).
-2
What is -3 - (-2 + 1 + -4)?
2
Calculate -8 + (-5 - (-4 + -18)).
9
Evaluate -5 - (2 + -6 + 2 + -3).
0
What is the value of -7 + 2 + -1 + 2?
-4
Calculate 12 + -21 + 10 + 2.
3
Evaluate 4 - 3 - (1 - (1 + 0)).
1
5 + 0 + -6 + -3
-4
Evaluate -5 + -3 + (8 + -8 - -4).
-4
Calculate -2 + (2 - (-2 - -5)) + -2.
-5
9 + -1 - 5 - 2
1
What is -7 + (-7 - (-20 + 9))?
-3
-6 + 2 + 1 - -5
2
Calculate (-6 - -6) + 4 - 6.
-2
What is 6 + 1 + (3 - 5)?
5
What is the value of (-6 + 2 - -5) + -1 + 2?
2
What is -1 + (-3 + 4 - (8 - 5))?
-3
What is the value of -6 + -6 + 14 - -3?
5
Calculate -8 - ((-13 - -1) + (12 - 7)).
-1
(-4 - -13) + -10 - -1
0
Evaluate 1 + (-2 - -5 - 1).
3
Calculate 6 - (2 + -3 - -3).
4
(-1 - (4 - 1) - -3) + 1
0
Calculate 13 - 9 - 3 - (1 + 1).
-1
Evaluate -2 + 5 + -20 + 10 + 0.
-7
What is the value of (4 - -2) + -2 + 6 + -11?
-1
Calculate (-5 - (0 + -4 - 1)) + -5.
-5
Calculate -3 + -4 + 0 - (-4 - 8).
5
What is 6 + -7 + (5 - 5)?
-1
Evaluate -9 + -2 + (6 - 8) - -5.
-8
What is the value of 3 - (-1 + -3 - (3 - 6))?
4
What is the value of 14 + -12 + (0 - 4) - -11?
9
-1 + 9 + 6 - 7
7
What is 2 + -8 + 5 - -6?
5
Calculate -2 - 1 - -5 - 7.
-5
Evaluate 15 + -15 - (-2 + 1).
1
Evaluate -2 - (6 - (0 - -4)).
-4
3 + (-2 + 2 - 3 - -5)
5
-1 + (-5 - (0 + (6 - 5)))
-7
-4 - -5 - (4 + -2)
-1
5 + -6 - -5 - 4
0
(3 - 2) + 0 + 2 + -6
-3
Calculate -30 + 34 - (2 - 3).
5
What is (-3 - -1 - -1) + (-3 - -4)?
0
Calculate -6 - (1 + (1 - 9)).
1
What is the value of (2 - (2 + (0 - -5))) + 9?
4
(-1 - (1 - (-3 + 6))) + 0
1
(0 - 8) + (-1 - -1) + 5
-3
What is 3 + 8 - -1 - 7?
5
16 + -4 - (52 + -29)
-11
What is 3 + 6 + (-5 - 2)?
2
2 - ((-4 - -3) + 0)
3
3 + (2 - 2) + -1 - 2
0
Evaluate 3 - (-2 - (-6 - 0 - -1)).
0
(-1 - (-10 + 7)) + -8
-6
1 - -1 - (7 + -4) - 0
-1
What is the value of -1 + 2 + (2 - 0 - 2)?
1
What is (2 - -1 - 4) + 2?
1
Evaluate 5 + -7 + 14 + -13.
-1
Evaluate -2 - (3 - (-2 - -4)).
-3
Calculate -14 + (1 - -6) + 15.
8
Evaluate -6 + -1 + (-223 - -231).
1
What is -1 + -4 + (-35 - -35)?
-5
What is (-6 - (-8 - 2)) + -2?
2
What is the value of (1 - -1) + 2 + 1?
5
What is (4 - 3) + 3 + -4?
0
5 + (-7 - -8) - 11
-5
What is 3 - (8 + (-2 - -2))?
-5
What is 5 - (-4 + 2 + -4 - -4)?
7
Calculate 6 - (-8 - -3) - 5.
6
What is 0 - (5 - (-3 + 6))?
-2
What is 4 + 0 + -12 + 8?
0
-9 + (2 - (-10 - -5))
-2
(-61 - -57) + (-1 - -6)
1
What is the value of -8 + (-2 - -6) + 3?
-1
Calculate (5 - (-5 - -5)) + -7 + 9.
7
6 + -7 - 5 - -2
-4
What is (-4 - 1) + 6 + (-5 - -2)?
-2
-4 + (-1 - (1 - 3)) - -2
-1
-3 + 0 + -8 + 10
-1
Calculate 8 - (5 - -5) - (2 + -8).
4
-5 - 1 - (-10 + 14 + -8)
-2
What is the value of -3 + -10 + 0 - (11 - 15)?
-9
What is the value of 0 + (-1 - (4 - 4))?
-1
Evaluate (-4 - 5) + 8 + 4.
3
(6 + 0 - (-7 + 6)) + -3
4
21 - (20 + 2 + -10)
9
What is -3 + 0 + 4 + -1 - 2?
-2
What is 6 + -15 + -6 + 10?
-5
What is 2 - 3 - (-3 + -4 + 4)?
2
Evaluate -336 + 339 + -9 + 0.
-6
Evaluate -1 + -5 + (4 - (-4 + 0)).
2
Calculate -5 + -7 + -5 + 10 + 4.
-3
0 + (1 - (-1 - (-1 + 2)))
3
Calculate -13 + 14 + -6 + 0.
-5
What is the value of -2 + 3 + -2 + 2 + -3?
-2
What is the value of (-123 - -132) + (2 - (2 + 7))?
2
(-2 + 1 - 7) + (-11 - -14)
-5
0 + 4 + (8 - 7)
5
What is 0 - ((-3 - 1) + 7 - 5)?
2
What is the value of (1 - 0) + 2 + 3 - -1?
7
What is the value of -3 - (-6 + 3 - -3)?
-3
Evaluate -13 + 17 - (-2 - -2).
4
What is -1 + 0 + 5 - (28 + -21)?
-3
What is the value of (1 - -6) + (-7 - 1) - 5?
-6
What is -7 + 1 + (33 - 25)?
2
What is the value of -9 + 2 - (-19 - -10)?
2
What is the value of -16 + -3 - -12 - -15?
8
Calculate -6 - (-8 - -1 - -6).
-5
Calculate -1 + -1 + -8 + 18.
8
Evaluate (-6 + 5 - -3) + -5.
-3
Evaluate 6 - (7 - (-9 + 7)).
-3
What is -2 - (3 + -2) - 2?
-5
-3 + 0 + 3 + -4 - -9
5
Evaluate 3 + 3 + -4 + 0.
2
-5 + (-2 - -3) - (1 + -3)
-2
Calculate -1 - -1 - (-12 - (-3 + -8)).
1
What is the value of 2 + 5 - (24 + -12)?
-5
(-4 - (4 + -2 + -9)) + -7
-4
Calculate -2 - ((-4 - -6) + -1).
-3
What is the value of 0 + 1 + (6 - (-11 - -12))?
6
What is the value of (-44 - -45) + 0 + 1?
2
Evaluate 7 + 7 + -9 - 3.
2
(1 - -2) + (-1 - 4 - -5)
3
Evaluate 0 + -8 - (-12 - -5).
-1
Evaluate 1 - (4 - 0) - (10 + -14).
1
What is 6 - (1 + 1 + 3)?
1
What is 6 + -12 - 0 - -4?
-2
What is the value of 3 + -8 + 8 + -7?
-4
What is 1 - (-4 - -5) - (-2 + -1)?
3
Calculate 1 - 0 - (11 + -18).
8
3 - (4 - -3 - 4) - 1
-1
Calculate (21 - 19) + 3 + (-7 - -1).
-1
What is the value of 9 + -12 - -1 - (0 + 1)?
-3
What is (-2 - 1) + 7 - (-5 + 9)?
0
What is 3 + 3 + -6 - -5 - 6?
-1
Evaluate -4 - (8 + -6 + 1).
-7
-7 + 2 - (10 + -13)
-2
What is 7 + (3 - -1) - (-1 + 7)?
5
What is -3 + (-6 + 2 - (-15 + 6))?
2
What is the value of 1 + 1 - (-5 + 2)?
5
What is the value of -2 + 6 - 4 - (1 + 2)?
-3
What is the value of -12 - -7 - (-3 - 0)?
-2
16 - -3 - (45 - 35)
9
What is (0 - -4) + -8 + 1?
-3
Evaluate 7 + (-1 - 5) - -2.
3
What is (3 - 0) + -2 - 6?
-5
Evaluate -10 + 2 + 3 + (2 - 1).
-4
(8 - (7 + -7)) + -10
-2
(-2 + 5 + 1 - 3) + -6
-5
What is (1 - 1) + 0 + 4?
4
Calculate -1 + 3 - (-11 - -16).
-3
Evaluate 2 + -8 + 3 + 3 + 0.
0
What is the value of 1 + -2 - (1 + 1 + -6)?
3
What is 6 - (-4 - (-9 + 0))?
1
Evaluate (-41 - -41) + (-1 - -2).
1
What is the value of (5 - 12) + 11 - (3 - 0)?
1
Calculate -9 + 10 + (0 + 3 - 4).
0
Evaluate (1 - 2) + -5 + 1.
-5
What is the value of 4 - (0 + 8 + (-111 - -106))?
1
What is the value of 6 + -1 + -20 + -1 + 7?
-9
Evaluate (0 - -12 - 4) + -1 - 3.
4
What is (4 - (-4 + 1)) + -10?
-3
What is the value of (5 - (19 - 9)) + 0 + -4?
-9
Evaluate (8 - (9 + -8)) + 0.
7
Evaluate 28 + -33 - (-3 + 1 - 0).
-3
Calculate 2 - (1 - -2) - (0 + -2).
1
Calculate 8 + -1 - (-230 - -234).
3
What is the value of -36 + 26 + 1 + 10?
1
Evaluate (14 - -1) + 0 - (77 - 72).
10
Calculate -4 + 7 + (0 - -1).
4
Evaluate 5 + 0 + -3 +